{"id":380,"date":"2025-10-29T15:24:14","date_gmt":"2025-10-29T14:24:14","guid":{"rendered":"https:\/\/andaluciaformacion.net\/?page_id=380"},"modified":"2025-10-30T10:58:25","modified_gmt":"2025-10-30T09:58:25","slug":"oferta-de-empleo-marketing-4-puestos","status":"publish","type":"page","link":"https:\/\/andaluciaformacion.net\/?page_id=380","title":{"rendered":"Oferta de empleo: 4 vacantes en Marketing en Andaluc\u00eda"},"content":{"rendered":"\n\n\n\n\n<blockquote class=\"wp-block-quote is-layout-flow wp-block-quote-is-layout-flow\">\n<p><a href=\"https:\/\/grupoecos.net\/proyectosintegrales\/?kubio-preview=67512cbe-5716-4af7-a6e9-663b5f6054e5&amp;kubio-random=7pOGoIuA6-8pLICKGI0m#contact-1\"><strong>Completa este formulario para entrar en el Programa de Proyectos Integrales para la Inserci\u00f3n Laboral en C\u00e1diz, Granada, Ja\u00e9n y M\u00e1laga<\/strong><\/a><\/p>\n<\/blockquote>\n\n\n\n\n\n\n\n\n\n\n\n\n\n\n\n<blockquote class=\"wp-block-quote is-layout-flow wp-block-quote-is-layout-flow\">\n<p>Encuentra muchas m\u00e1s\u00a0<a href=\"https:\/\/www.linkedin.com\/company\/andalucia-formacion\" target=\"_blank\" rel=\"noreferrer noopener\">formaciones<\/a>\u00a0y ofertas en nuestro LinkedIn.<\/p>\n<\/blockquote>\n","protected":false},"excerpt":{"rendered":"<p>Completa este formulario para entrar en el Programa de Proyectos Integrales para la Inserci\u00f3n Laboral en C\u00e1diz, Granada, Ja\u00e9n y M\u00e1laga Encuentra muchas m\u00e1s\u00a0formaciones\u00a0y ofertas en nuestro LinkedIn.<\/p>\n","protected":false},"author":4,"featured_media":272,"parent":0,"menu_order":0,"comment_status":"closed","ping_status":"closed","template":"","meta":{"saved_in_kubio":true,"footnotes":""},"class_list":["post-380","page","type-page","status-publish","has-post-thumbnail","hentry"],"kubio_ai_page_context":{"short_desc":"","purpose":"general"},"yoast_head":"<!-- This site is optimized with the Yoast SEO plugin v27.2 - https:\/\/yoast.com\/product\/yoast-seo-wordpress\/ -->\n<title>Oferta de empleo: 4 vacantes en Marketing en Andaluc\u00eda - Andaluc\u00eda Formaci\u00f3n<\/title>\n<meta name=\"robots\" content=\"index, follow, max-snippet:-1, max-image-preview:large, max-video-preview:-1\" \/>\n<link rel=\"canonical\" href=\"https:\/\/andaluciaformacion.net\/?page_id=380\" \/>\n<meta property=\"og:locale\" content=\"es_ES\" \/>\n<meta property=\"og:type\" content=\"article\" \/>\n<meta property=\"og:title\" content=\"Oferta de empleo: 4 vacantes en Marketing en Andaluc\u00eda - Andaluc\u00eda Formaci\u00f3n\" \/>\n<meta property=\"og:description\" content=\"Completa este formulario para entrar en el Programa de Proyectos Integrales para la Inserci\u00f3n Laboral en C\u00e1diz, Granada, Ja\u00e9n y M\u00e1laga Encuentra muchas m\u00e1s\u00a0formaciones\u00a0y ofertas en nuestro LinkedIn.\" \/>\n<meta property=\"og:url\" content=\"https:\/\/andaluciaformacion.net\/?page_id=380\" \/>\n<meta property=\"og:site_name\" content=\"Andaluc\u00eda Formaci\u00f3n\" \/>\n<meta property=\"article:publisher\" content=\"https:\/\/www.facebook.com\/people\/Andaluca-Formacin\/61556074687452\/\" \/>\n<meta property=\"article:modified_time\" content=\"2025-10-30T09:58:25+00:00\" \/>\n<meta name=\"twitter:card\" content=\"summary_large_image\" \/>\n<meta name=\"twitter:label1\" content=\"Tiempo de lectura\" \/>\n\t<meta name=\"twitter:data1\" content=\"2 minutos\" \/>\n<script type=\"application\/ld+json\" class=\"yoast-schema-graph\">{\"@context\":\"https:\/\/schema.org\",\"@graph\":[{\"@type\":\"WebPage\",\"@id\":\"https:\/\/andaluciaformacion.net\/?page_id=380\",\"url\":\"https:\/\/andaluciaformacion.net\/?page_id=380\",\"name\":\"Oferta de empleo: 4 vacantes en Marketing en Andaluc\u00eda - Andaluc\u00eda Formaci\u00f3n\",\"isPartOf\":{\"@id\":\"https:\/\/andaluciaformacion.net\/#website\"},\"primaryImageOfPage\":{\"@id\":\"https:\/\/andaluciaformacion.net\/?page_id=380#primaryimage\"},\"image\":{\"@id\":\"https:\/\/andaluciaformacion.net\/?page_id=380#primaryimage\"},\"thumbnailUrl\":\"https:\/\/andaluciaformacion.net\/wp-content\/uploads\/2025\/10\/OFERTA-EMPLEO-MARKETING.jpg\",\"datePublished\":\"2025-10-29T14:24:14+00:00\",\"dateModified\":\"2025-10-30T09:58:25+00:00\",\"breadcrumb\":{\"@id\":\"https:\/\/andaluciaformacion.net\/?page_id=380#breadcrumb\"},\"inLanguage\":\"es\",\"potentialAction\":[{\"@type\":\"ReadAction\",\"target\":[\"https:\/\/andaluciaformacion.net\/?page_id=380\"]}]},{\"@type\":\"ImageObject\",\"inLanguage\":\"es\",\"@id\":\"https:\/\/andaluciaformacion.net\/?page_id=380#primaryimage\",\"url\":\"https:\/\/andaluciaformacion.net\/wp-content\/uploads\/2025\/10\/OFERTA-EMPLEO-MARKETING.jpg\",\"contentUrl\":\"https:\/\/andaluciaformacion.net\/wp-content\/uploads\/2025\/10\/OFERTA-EMPLEO-MARKETING.jpg\",\"width\":940,\"height\":788},{\"@type\":\"BreadcrumbList\",\"@id\":\"https:\/\/andaluciaformacion.net\/?page_id=380#breadcrumb\",\"itemListElement\":[{\"@type\":\"ListItem\",\"position\":1,\"name\":\"Portada\",\"item\":\"https:\/\/andaluciaformacion.net\/\"},{\"@type\":\"ListItem\",\"position\":2,\"name\":\"Oferta de empleo: 4 vacantes en Marketing en Andaluc\u00eda\"}]},{\"@type\":\"WebSite\",\"@id\":\"https:\/\/andaluciaformacion.net\/#website\",\"url\":\"https:\/\/andaluciaformacion.net\/\",\"name\":\"Andaluc\u00eda Formaci\u00f3n\",\"description\":\"\",\"publisher\":{\"@id\":\"https:\/\/andaluciaformacion.net\/#organization\"},\"potentialAction\":[{\"@type\":\"SearchAction\",\"target\":{\"@type\":\"EntryPoint\",\"urlTemplate\":\"https:\/\/andaluciaformacion.net\/?s={search_term_string}\"},\"query-input\":{\"@type\":\"PropertyValueSpecification\",\"valueRequired\":true,\"valueName\":\"search_term_string\"}}],\"inLanguage\":\"es\"},{\"@type\":\"Organization\",\"@id\":\"https:\/\/andaluciaformacion.net\/#organization\",\"name\":\"Andaluc\u00eda Formaci\u00f3n\",\"url\":\"https:\/\/andaluciaformacion.net\/\",\"logo\":{\"@type\":\"ImageObject\",\"inLanguage\":\"es\",\"@id\":\"https:\/\/andaluciaformacion.net\/#\/schema\/logo\/image\/\",\"url\":\"https:\/\/andaluciaformacion.net\/wp-content\/uploads\/2025\/09\/29.png\",\"contentUrl\":\"https:\/\/andaluciaformacion.net\/wp-content\/uploads\/2025\/09\/29.png\",\"width\":880,\"height\":880,\"caption\":\"Andaluc\u00eda Formaci\u00f3n\"},\"image\":{\"@id\":\"https:\/\/andaluciaformacion.net\/#\/schema\/logo\/image\/\"},\"sameAs\":[\"https:\/\/www.facebook.com\/people\/Andaluca-Formacin\/61556074687452\/\",\"https:\/\/www.instagram.com\/andaluciaformacion\"]}]}<\/script>\n<!-- \/ Yoast SEO plugin. -->","yoast_head_json":{"title":"Oferta de empleo: 4 vacantes en Marketing en Andaluc\u00eda - Andaluc\u00eda Formaci\u00f3n","robots":{"index":"index","follow":"follow","max-snippet":"max-snippet:-1","max-image-preview":"max-image-preview:large","max-video-preview":"max-video-preview:-1"},"canonical":"https:\/\/andaluciaformacion.net\/?page_id=380","og_locale":"es_ES","og_type":"article","og_title":"Oferta de empleo: 4 vacantes en Marketing en Andaluc\u00eda - Andaluc\u00eda Formaci\u00f3n","og_description":"Completa este formulario para entrar en el Programa de Proyectos Integrales para la Inserci\u00f3n Laboral en C\u00e1diz, Granada, Ja\u00e9n y M\u00e1laga Encuentra muchas m\u00e1s\u00a0formaciones\u00a0y ofertas en nuestro LinkedIn.","og_url":"https:\/\/andaluciaformacion.net\/?page_id=380","og_site_name":"Andaluc\u00eda Formaci\u00f3n","article_publisher":"https:\/\/www.facebook.com\/people\/Andaluca-Formacin\/61556074687452\/","article_modified_time":"2025-10-30T09:58:25+00:00","twitter_card":"summary_large_image","twitter_misc":{"Tiempo de lectura":"2 minutos"},"schema":{"@context":"https:\/\/schema.org","@graph":[{"@type":"WebPage","@id":"https:\/\/andaluciaformacion.net\/?page_id=380","url":"https:\/\/andaluciaformacion.net\/?page_id=380","name":"Oferta de empleo: 4 vacantes en Marketing en Andaluc\u00eda - Andaluc\u00eda Formaci\u00f3n","isPartOf":{"@id":"https:\/\/andaluciaformacion.net\/#website"},"primaryImageOfPage":{"@id":"https:\/\/andaluciaformacion.net\/?page_id=380#primaryimage"},"image":{"@id":"https:\/\/andaluciaformacion.net\/?page_id=380#primaryimage"},"thumbnailUrl":"https:\/\/andaluciaformacion.net\/wp-content\/uploads\/2025\/10\/OFERTA-EMPLEO-MARKETING.jpg","datePublished":"2025-10-29T14:24:14+00:00","dateModified":"2025-10-30T09:58:25+00:00","breadcrumb":{"@id":"https:\/\/andaluciaformacion.net\/?page_id=380#breadcrumb"},"inLanguage":"es","potentialAction":[{"@type":"ReadAction","target":["https:\/\/andaluciaformacion.net\/?page_id=380"]}]},{"@type":"ImageObject","inLanguage":"es","@id":"https:\/\/andaluciaformacion.net\/?page_id=380#primaryimage","url":"https:\/\/andaluciaformacion.net\/wp-content\/uploads\/2025\/10\/OFERTA-EMPLEO-MARKETING.jpg","contentUrl":"https:\/\/andaluciaformacion.net\/wp-content\/uploads\/2025\/10\/OFERTA-EMPLEO-MARKETING.jpg","width":940,"height":788},{"@type":"BreadcrumbList","@id":"https:\/\/andaluciaformacion.net\/?page_id=380#breadcrumb","itemListElement":[{"@type":"ListItem","position":1,"name":"Portada","item":"https:\/\/andaluciaformacion.net\/"},{"@type":"ListItem","position":2,"name":"Oferta de empleo: 4 vacantes en Marketing en Andaluc\u00eda"}]},{"@type":"WebSite","@id":"https:\/\/andaluciaformacion.net\/#website","url":"https:\/\/andaluciaformacion.net\/","name":"Andaluc\u00eda Formaci\u00f3n","description":"","publisher":{"@id":"https:\/\/andaluciaformacion.net\/#organization"},"potentialAction":[{"@type":"SearchAction","target":{"@type":"EntryPoint","urlTemplate":"https:\/\/andaluciaformacion.net\/?s={search_term_string}"},"query-input":{"@type":"PropertyValueSpecification","valueRequired":true,"valueName":"search_term_string"}}],"inLanguage":"es"},{"@type":"Organization","@id":"https:\/\/andaluciaformacion.net\/#organization","name":"Andaluc\u00eda Formaci\u00f3n","url":"https:\/\/andaluciaformacion.net\/","logo":{"@type":"ImageObject","inLanguage":"es","@id":"https:\/\/andaluciaformacion.net\/#\/schema\/logo\/image\/","url":"https:\/\/andaluciaformacion.net\/wp-content\/uploads\/2025\/09\/29.png","contentUrl":"https:\/\/andaluciaformacion.net\/wp-content\/uploads\/2025\/09\/29.png","width":880,"height":880,"caption":"Andaluc\u00eda Formaci\u00f3n"},"image":{"@id":"https:\/\/andaluciaformacion.net\/#\/schema\/logo\/image\/"},"sameAs":["https:\/\/www.facebook.com\/people\/Andaluca-Formacin\/61556074687452\/","https:\/\/www.instagram.com\/andaluciaformacion"]}]}},"_links":{"self":[{"href":"https:\/\/andaluciaformacion.net\/index.php?rest_route=\/wp\/v2\/pages\/380","targetHints":{"allow":["GET"]}}],"collection":[{"href":"https:\/\/andaluciaformacion.net\/index.php?rest_route=\/wp\/v2\/pages"}],"about":[{"href":"https:\/\/andaluciaformacion.net\/index.php?rest_route=\/wp\/v2\/types\/page"}],"author":[{"embeddable":true,"href":"https:\/\/andaluciaformacion.net\/index.php?rest_route=\/wp\/v2\/users\/4"}],"replies":[{"embeddable":true,"href":"https:\/\/andaluciaformacion.net\/index.php?rest_route=%2Fwp%2Fv2%2Fcomments&post=380"}],"version-history":[{"count":2,"href":"https:\/\/andaluciaformacion.net\/index.php?rest_route=\/wp\/v2\/pages\/380\/revisions"}],"predecessor-version":[{"id":400,"href":"https:\/\/andaluciaformacion.net\/index.php?rest_route=\/wp\/v2\/pages\/380\/revisions\/400"}],"wp:featuredmedia":[{"embeddable":true,"href":"https:\/\/andaluciaformacion.net\/index.php?rest_route=\/wp\/v2\/media\/272"}],"wp:attachment":[{"href":"https:\/\/andaluciaformacion.net\/index.php?rest_route=%2Fwp%2Fv2%2Fmedia&parent=380"}],"curies":[{"name":"wp","href":"https:\/\/api.w.org\/{rel}","templated":true}]}}

Oferta de empleo: 4 vacantes en Marketing en Andalucía

<blockquote class="wp-block-quote is-layout-flow wp-block-quote-is-layout-flow">
<p><a href="https://grupoecos.net/proyectosintegrales/?kubio-preview=67512cbe-5716-4af7-a6e9-663b5f6054e5&amp;kubio-random=7pOGoIuA6-8pLICKGI0m#contact-1"><strong>Completa este formulario para entrar en el Programa de Proyectos Integrales para la Inserción Laboral en Cádiz, Granada, Jaén y Málaga</strong></a></p>
</blockquote>















<blockquote class="wp-block-quote is-layout-flow wp-block-quote-is-layout-flow">
<p>Encuentra muchas más <a href="https://www.linkedin.com/company/andalucia-formacion" target="_blank" rel="noreferrer noopener">formaciones</a> y ofertas en nuestro LinkedIn.</p>
</blockquote>

<p>Completa este formulario para entrar en el Programa de Proyectos Integrales para la Inserción Laboral en Cádiz, Granada, Jaén y Málaga Encuentra muchas más formaciones y ofertas en nuestro LinkedIn.</p>

<!-- This site is optimized with the Yoast SEO plugin v27.2 - https://yoast.com/product/yoast-seo-wordpress/ -->
<title>Oferta de empleo: 4 vacantes en Marketing en Andalucía - Andalucía Formación</title>
<meta name="robots" content="index, follow, max-snippet:-1, max-image-preview:large, max-video-preview:-1" />
<link rel="canonical" href="https://andaluciaformacion.net/?page_id=380" />
<meta property="og:locale" content="es_ES" />
<meta property="og:type" content="article" />
<meta property="og:title" content="Oferta de empleo: 4 vacantes en Marketing en Andalucía - Andalucía Formación" />
<meta property="og:description" content="Completa este formulario para entrar en el Programa de Proyectos Integrales para la Inserción Laboral en Cádiz, Granada, Jaén y Málaga Encuentra muchas más formaciones y ofertas en nuestro LinkedIn." />
<meta property="og:url" content="https://andaluciaformacion.net/?page_id=380" />
<meta property="og:site_name" content="Andalucía Formación" />
<meta property="article:publisher" content="https://www.facebook.com/people/Andaluca-Formacin/61556074687452/" />
<meta property="article:modified_time" content="2025-10-30T09:58:25+00:00" />
<meta name="twitter:card" content="summary_large_image" />
<meta name="twitter:label1" content="Tiempo de lectura" />
	<meta name="twitter:data1" content="2 minutos" />
<script type="application/ld+json" class="yoast-schema-graph">{"@context":"https://schema.org","@graph":[{"@type":"WebPage","@id":"https://andaluciaformacion.net/?page_id=380","url":"https://andaluciaformacion.net/?page_id=380","name":"Oferta de empleo: 4 vacantes en Marketing en Andalucía - Andalucía Formación","isPartOf":{"@id":"https://andaluciaformacion.net/#website"},"primaryImageOfPage":{"@id":"https://andaluciaformacion.net/?page_id=380#primaryimage"},"image":{"@id":"https://andaluciaformacion.net/?page_id=380#primaryimage"},"thumbnailUrl":"https://andaluciaformacion.net/wp-content/uploads/2025/10/OFERTA-EMPLEO-MARKETING.jpg","datePublished":"2025-10-29T14:24:14+00:00","dateModified":"2025-10-30T09:58:25+00:00","breadcrumb":{"@id":"https://andaluciaformacion.net/?page_id=380#breadcrumb"},"inLanguage":"es","potentialAction":[{"@type":"ReadAction","target":["https://andaluciaformacion.net/?page_id=380"]}]},{"@type":"ImageObject","inLanguage":"es","@id":"https://andaluciaformacion.net/?page_id=380#primaryimage","url":"https://andaluciaformacion.net/wp-content/uploads/2025/10/OFERTA-EMPLEO-MARKETING.jpg","contentUrl":"https://andaluciaformacion.net/wp-content/uploads/2025/10/OFERTA-EMPLEO-MARKETING.jpg","width":940,"height":788},{"@type":"BreadcrumbList","@id":"https://andaluciaformacion.net/?page_id=380#breadcrumb","itemListElement":[{"@type":"ListItem","position":1,"name":"Portada","item":"https://andaluciaformacion.net/"},{"@type":"ListItem","position":2,"name":"Oferta de empleo: 4 vacantes en Marketing en Andalucía"}]},{"@type":"WebSite","@id":"https://andaluciaformacion.net/#website","url":"https://andaluciaformacion.net/","name":"Andalucía Formación","description":"","publisher":{"@id":"https://andaluciaformacion.net/#organization"},"potentialAction":[{"@type":"SearchAction","target":{"@type":"EntryPoint","urlTemplate":"https://andaluciaformacion.net/?s={search_term_string}"},"query-input":{"@type":"PropertyValueSpecification","valueRequired":true,"valueName":"search_term_string"}}],"inLanguage":"es"},{"@type":"Organization","@id":"https://andaluciaformacion.net/#organization","name":"Andalucía Formación","url":"https://andaluciaformacion.net/","logo":{"@type":"ImageObject","inLanguage":"es","@id":"https://andaluciaformacion.net/#/schema/logo/image/","url":"https://andaluciaformacion.net/wp-content/uploads/2025/09/29.png","contentUrl":"https://andaluciaformacion.net/wp-content/uploads/2025/09/29.png","width":880,"height":880,"caption":"Andalucía Formación"},"image":{"@id":"https://andaluciaformacion.net/#/schema/logo/image/"},"sameAs":["https://www.facebook.com/people/Andaluca-Formacin/61556074687452/","https://www.instagram.com/andaluciaformacion"]}]}</script>
<!-- / Yoast SEO plugin. -->

Oferta de empleo: 4 vacantes en Marketing en Andalucía - Andalucía Formación

Completa este formulario para entrar en el Programa de Proyectos Integrales para la Inserción Laboral en Cádiz, Granada, Jaén y Málaga Encuentra muchas más formaciones y ofertas en nuestro LinkedIn.

Andalucía Formación
