{"id":299,"date":"2025-10-20T19:25:57","date_gmt":"2025-10-20T17:25:57","guid":{"rendered":"https:\/\/andaluciaformacion.net\/?page_id=299"},"modified":"2025-10-29T14:32:44","modified_gmt":"2025-10-29T13:32:44","slug":"oferta-de-empleo-25-vacantes-de-comercial-en-andalucia","status":"publish","type":"page","link":"https:\/\/andaluciaformacion.net\/?page_id=299","title":{"rendered":"Oferta de empleo: 25 vacantes de comercial en Andaluc\u00eda"},"content":{"rendered":"\n<p>\u00bfQuieres trabajar como comercial en Andaluc\u00eda? En Andaluc\u00eda Formaci\u00f3n, en colaboraci\u00f3n con Consultores T\u00e9cnicos Medioambientales (COTEME), contamos con 25 ofertas de empleo para comerciales en Jerez de la Frontera (C\u00e1diz), Granada, Ja\u00e9n y M\u00e1laga.<\/p>\n\n\n\n<p>A trav\u00e9s del Programa de Proyectos Integrales para la Inserci\u00f3n Laboral de personas j\u00f3venes, puedes acceder a estas vacantes y formarte gratuitamente con el curso de Comercio y Ventas (60 horas), dise\u00f1ado para mejorar tus competencias profesionales y facilitar tu incorporaci\u00f3n al mercado laboral.<\/p>\n\n\n\n\n\n<h2 class=\"wp-block-heading\">Requisitos para participar<\/h2>\n\n\n\n<p>Para acceder al programa y optar a las ofertas de empleo, debes cumplir los siguientes requisitos:<br>\u2022 Tener entre 18 y 29 a\u00f1os.<br>\u2022 Estar inscrito\/a en Garant\u00eda Juvenil.<br>\u2022 Realizar 10 horas de orientaci\u00f3n individual y grupal antes de comenzar la formaci\u00f3n.<\/p>\n\n\n\n<p>Inscr\u00edbete ahora en el curso gratuito de Comercio y Ventas en Jerez de la Frontera (C\u00e1diz), Granada, Ja\u00e9n o M\u00e1laga y da el primer paso hacia tu futuro laboral.<\/p>\n\n\n\n\n\n<h2 class=\"wp-block-heading\">Formaci\u00f3n y orientaci\u00f3n laboral<\/h2>\n\n\n\n<p>El programa se divide en dos fases:<br>1. Formaci\u00f3n espec\u00edfica en Comercio y Ventas, para adquirir conocimientos clave sobre atenci\u00f3n al cliente, t\u00e9cnicas de venta y negociaci\u00f3n.<br>2. Orientaci\u00f3n laboral personalizada, para reforzar tu perfil profesional y mejorar tu empleabilidad.<\/p>\n\n\n\n<p>Adem\u00e1s, desde Andaluc\u00eda Formaci\u00f3n y COTEME, mantenemos acuerdos con empresas colaboradoras que facilitan la inserci\u00f3n laboral real de los j\u00f3venes participantes en el programa.<\/p>\n\n\n\n<p><\/p>\n\n\n\n<h2 class=\"wp-block-heading\">Requisitos y condiciones del empleo<\/h2>\n\n\n\n<p>Los candidatos que completen la formaci\u00f3n podr\u00e1n acceder a una de las 25 vacantes disponibles como comercial.<br>\u2022 Se valorar\u00e1 la experiencia previa en ventas o atenci\u00f3n al cliente.<br>\u2022 Los contratos ser\u00e1n a jornada completa, adaptados a las necesidades de cada empresa.<\/p>\n\n\n\n\n\n<h2 class=\"wp-block-heading\">Contacto e informaci\u00f3n<\/h2>\n\n\n\n<p>\u00bfQuieres m\u00e1s informaci\u00f3n sobre esta oferta de empleo para comerciales en Andaluc\u00eda?<br>Cont\u00e1ctanos por tel\u00e9fono o WhatsApp en el 691 619 409 o escr\u00edbenos a info@andaluciaformacion.es.<\/p>\n\n\n\n<p>Sigue nuestras redes sociales y descubre m\u00e1s ofertas de empleo y formaci\u00f3n gratuita para j\u00f3venes en Andaluc\u00eda.<\/p>\n\n\n\n<p><\/p>\n","protected":false},"excerpt":{"rendered":"<p>\u00bfQuieres trabajar como comercial en Andaluc\u00eda? En Andaluc\u00eda Formaci\u00f3n, en colaboraci\u00f3n con Consultores T\u00e9cnicos Medioambientales (COTEME), contamos con 25 ofertas de empleo para comerciales en Jerez de la Frontera (C\u00e1diz), Granada, Ja\u00e9n y M\u00e1laga. A trav\u00e9s del Programa de Proyectos Integrales para la Inserci\u00f3n Laboral de personas j\u00f3venes, puedes acceder a estas vacantes y formarte [&hellip;]<\/p>\n","protected":false},"author":4,"featured_media":86,"parent":0,"menu_order":0,"comment_status":"closed","ping_status":"closed","template":"","meta":{"saved_in_kubio":true,"footnotes":""},"class_list":["post-299","page","type-page","status-publish","has-post-thumbnail","hentry"],"kubio_ai_page_context":{"short_desc":"","purpose":"general"},"yoast_head":"<!-- This site is optimized with the Yoast SEO plugin v27.2 - https:\/\/yoast.com\/product\/yoast-seo-wordpress\/ -->\n<title>Oferta de empleo: 25 vacantes de comercial en Andaluc\u00eda - Andaluc\u00eda Formaci\u00f3n<\/title>\n<meta name=\"robots\" content=\"index, follow, max-snippet:-1, max-image-preview:large, max-video-preview:-1\" \/>\n<link rel=\"canonical\" href=\"https:\/\/andaluciaformacion.net\/?page_id=299\" \/>\n<meta property=\"og:locale\" content=\"es_ES\" \/>\n<meta property=\"og:type\" content=\"article\" \/>\n<meta property=\"og:title\" content=\"Oferta de empleo: 25 vacantes de comercial en Andaluc\u00eda - Andaluc\u00eda Formaci\u00f3n\" \/>\n<meta property=\"og:description\" content=\"\u00bfQuieres trabajar como comercial en Andaluc\u00eda? En Andaluc\u00eda Formaci\u00f3n, en colaboraci\u00f3n con Consultores T\u00e9cnicos Medioambientales (COTEME), contamos con 25 ofertas de empleo para comerciales en Jerez de la Frontera (C\u00e1diz), Granada, Ja\u00e9n y M\u00e1laga. A trav\u00e9s del Programa de Proyectos Integrales para la Inserci\u00f3n Laboral de personas j\u00f3venes, puedes acceder a estas vacantes y formarte [&hellip;]\" \/>\n<meta property=\"og:url\" content=\"https:\/\/andaluciaformacion.net\/?page_id=299\" \/>\n<meta property=\"og:site_name\" content=\"Andaluc\u00eda Formaci\u00f3n\" \/>\n<meta property=\"article:publisher\" content=\"https:\/\/www.facebook.com\/people\/Andaluca-Formacin\/61556074687452\/\" \/>\n<meta property=\"article:modified_time\" content=\"2025-10-29T13:32:44+00:00\" \/>\n<meta name=\"twitter:card\" content=\"summary_large_image\" \/>\n<meta name=\"twitter:label1\" content=\"Tiempo de lectura\" \/>\n\t<meta name=\"twitter:data1\" content=\"2 minutos\" \/>\n<script type=\"application\/ld+json\" class=\"yoast-schema-graph\">{\"@context\":\"https:\/\/schema.org\",\"@graph\":[{\"@type\":\"WebPage\",\"@id\":\"https:\/\/andaluciaformacion.net\/?page_id=299\",\"url\":\"https:\/\/andaluciaformacion.net\/?page_id=299\",\"name\":\"Oferta de empleo: 25 vacantes de comercial en Andaluc\u00eda - Andaluc\u00eda Formaci\u00f3n\",\"isPartOf\":{\"@id\":\"https:\/\/andaluciaformacion.net\/#website\"},\"primaryImageOfPage\":{\"@id\":\"https:\/\/andaluciaformacion.net\/?page_id=299#primaryimage\"},\"image\":{\"@id\":\"https:\/\/andaluciaformacion.net\/?page_id=299#primaryimage\"},\"thumbnailUrl\":\"https:\/\/andaluciaformacion.net\/wp-content\/uploads\/2025\/09\/extm.jpg\",\"datePublished\":\"2025-10-20T17:25:57+00:00\",\"dateModified\":\"2025-10-29T13:32:44+00:00\",\"breadcrumb\":{\"@id\":\"https:\/\/andaluciaformacion.net\/?page_id=299#breadcrumb\"},\"inLanguage\":\"es\",\"potentialAction\":[{\"@type\":\"ReadAction\",\"target\":[\"https:\/\/andaluciaformacion.net\/?page_id=299\"]}]},{\"@type\":\"ImageObject\",\"inLanguage\":\"es\",\"@id\":\"https:\/\/andaluciaformacion.net\/?page_id=299#primaryimage\",\"url\":\"https:\/\/andaluciaformacion.net\/wp-content\/uploads\/2025\/09\/extm.jpg\",\"contentUrl\":\"https:\/\/andaluciaformacion.net\/wp-content\/uploads\/2025\/09\/extm.jpg\",\"width\":2500,\"height\":1667},{\"@type\":\"BreadcrumbList\",\"@id\":\"https:\/\/andaluciaformacion.net\/?page_id=299#breadcrumb\",\"itemListElement\":[{\"@type\":\"ListItem\",\"position\":1,\"name\":\"Portada\",\"item\":\"https:\/\/andaluciaformacion.net\/\"},{\"@type\":\"ListItem\",\"position\":2,\"name\":\"Oferta de empleo: 25 vacantes de comercial en Andaluc\u00eda\"}]},{\"@type\":\"WebSite\",\"@id\":\"https:\/\/andaluciaformacion.net\/#website\",\"url\":\"https:\/\/andaluciaformacion.net\/\",\"name\":\"Andaluc\u00eda Formaci\u00f3n\",\"description\":\"\",\"publisher\":{\"@id\":\"https:\/\/andaluciaformacion.net\/#organization\"},\"potentialAction\":[{\"@type\":\"SearchAction\",\"target\":{\"@type\":\"EntryPoint\",\"urlTemplate\":\"https:\/\/andaluciaformacion.net\/?s={search_term_string}\"},\"query-input\":{\"@type\":\"PropertyValueSpecification\",\"valueRequired\":true,\"valueName\":\"search_term_string\"}}],\"inLanguage\":\"es\"},{\"@type\":\"Organization\",\"@id\":\"https:\/\/andaluciaformacion.net\/#organization\",\"name\":\"Andaluc\u00eda Formaci\u00f3n\",\"url\":\"https:\/\/andaluciaformacion.net\/\",\"logo\":{\"@type\":\"ImageObject\",\"inLanguage\":\"es\",\"@id\":\"https:\/\/andaluciaformacion.net\/#\/schema\/logo\/image\/\",\"url\":\"https:\/\/andaluciaformacion.net\/wp-content\/uploads\/2025\/09\/29.png\",\"contentUrl\":\"https:\/\/andaluciaformacion.net\/wp-content\/uploads\/2025\/09\/29.png\",\"width\":880,\"height\":880,\"caption\":\"Andaluc\u00eda Formaci\u00f3n\"},\"image\":{\"@id\":\"https:\/\/andaluciaformacion.net\/#\/schema\/logo\/image\/\"},\"sameAs\":[\"https:\/\/www.facebook.com\/people\/Andaluca-Formacin\/61556074687452\/\",\"https:\/\/www.instagram.com\/andaluciaformacion\"]}]}<\/script>\n<!-- \/ Yoast SEO plugin. -->","yoast_head_json":{"title":"Oferta de empleo: 25 vacantes de comercial en Andaluc\u00eda - Andaluc\u00eda Formaci\u00f3n","robots":{"index":"index","follow":"follow","max-snippet":"max-snippet:-1","max-image-preview":"max-image-preview:large","max-video-preview":"max-video-preview:-1"},"canonical":"https:\/\/andaluciaformacion.net\/?page_id=299","og_locale":"es_ES","og_type":"article","og_title":"Oferta de empleo: 25 vacantes de comercial en Andaluc\u00eda - Andaluc\u00eda Formaci\u00f3n","og_description":"\u00bfQuieres trabajar como comercial en Andaluc\u00eda? En Andaluc\u00eda Formaci\u00f3n, en colaboraci\u00f3n con Consultores T\u00e9cnicos Medioambientales (COTEME), contamos con 25 ofertas de empleo para comerciales en Jerez de la Frontera (C\u00e1diz), Granada, Ja\u00e9n y M\u00e1laga. A trav\u00e9s del Programa de Proyectos Integrales para la Inserci\u00f3n Laboral de personas j\u00f3venes, puedes acceder a estas vacantes y formarte [&hellip;]","og_url":"https:\/\/andaluciaformacion.net\/?page_id=299","og_site_name":"Andaluc\u00eda Formaci\u00f3n","article_publisher":"https:\/\/www.facebook.com\/people\/Andaluca-Formacin\/61556074687452\/","article_modified_time":"2025-10-29T13:32:44+00:00","twitter_card":"summary_large_image","twitter_misc":{"Tiempo de lectura":"2 minutos"},"schema":{"@context":"https:\/\/schema.org","@graph":[{"@type":"WebPage","@id":"https:\/\/andaluciaformacion.net\/?page_id=299","url":"https:\/\/andaluciaformacion.net\/?page_id=299","name":"Oferta de empleo: 25 vacantes de comercial en Andaluc\u00eda - Andaluc\u00eda Formaci\u00f3n","isPartOf":{"@id":"https:\/\/andaluciaformacion.net\/#website"},"primaryImageOfPage":{"@id":"https:\/\/andaluciaformacion.net\/?page_id=299#primaryimage"},"image":{"@id":"https:\/\/andaluciaformacion.net\/?page_id=299#primaryimage"},"thumbnailUrl":"https:\/\/andaluciaformacion.net\/wp-content\/uploads\/2025\/09\/extm.jpg","datePublished":"2025-10-20T17:25:57+00:00","dateModified":"2025-10-29T13:32:44+00:00","breadcrumb":{"@id":"https:\/\/andaluciaformacion.net\/?page_id=299#breadcrumb"},"inLanguage":"es","potentialAction":[{"@type":"ReadAction","target":["https:\/\/andaluciaformacion.net\/?page_id=299"]}]},{"@type":"ImageObject","inLanguage":"es","@id":"https:\/\/andaluciaformacion.net\/?page_id=299#primaryimage","url":"https:\/\/andaluciaformacion.net\/wp-content\/uploads\/2025\/09\/extm.jpg","contentUrl":"https:\/\/andaluciaformacion.net\/wp-content\/uploads\/2025\/09\/extm.jpg","width":2500,"height":1667},{"@type":"BreadcrumbList","@id":"https:\/\/andaluciaformacion.net\/?page_id=299#breadcrumb","itemListElement":[{"@type":"ListItem","position":1,"name":"Portada","item":"https:\/\/andaluciaformacion.net\/"},{"@type":"ListItem","position":2,"name":"Oferta de empleo: 25 vacantes de comercial en Andaluc\u00eda"}]},{"@type":"WebSite","@id":"https:\/\/andaluciaformacion.net\/#website","url":"https:\/\/andaluciaformacion.net\/","name":"Andaluc\u00eda Formaci\u00f3n","description":"","publisher":{"@id":"https:\/\/andaluciaformacion.net\/#organization"},"potentialAction":[{"@type":"SearchAction","target":{"@type":"EntryPoint","urlTemplate":"https:\/\/andaluciaformacion.net\/?s={search_term_string}"},"query-input":{"@type":"PropertyValueSpecification","valueRequired":true,"valueName":"search_term_string"}}],"inLanguage":"es"},{"@type":"Organization","@id":"https:\/\/andaluciaformacion.net\/#organization","name":"Andaluc\u00eda Formaci\u00f3n","url":"https:\/\/andaluciaformacion.net\/","logo":{"@type":"ImageObject","inLanguage":"es","@id":"https:\/\/andaluciaformacion.net\/#\/schema\/logo\/image\/","url":"https:\/\/andaluciaformacion.net\/wp-content\/uploads\/2025\/09\/29.png","contentUrl":"https:\/\/andaluciaformacion.net\/wp-content\/uploads\/2025\/09\/29.png","width":880,"height":880,"caption":"Andaluc\u00eda Formaci\u00f3n"},"image":{"@id":"https:\/\/andaluciaformacion.net\/#\/schema\/logo\/image\/"},"sameAs":["https:\/\/www.facebook.com\/people\/Andaluca-Formacin\/61556074687452\/","https:\/\/www.instagram.com\/andaluciaformacion"]}]}},"_links":{"self":[{"href":"https:\/\/andaluciaformacion.net\/index.php?rest_route=\/wp\/v2\/pages\/299","targetHints":{"allow":["GET"]}}],"collection":[{"href":"https:\/\/andaluciaformacion.net\/index.php?rest_route=\/wp\/v2\/pages"}],"about":[{"href":"https:\/\/andaluciaformacion.net\/index.php?rest_route=\/wp\/v2\/types\/page"}],"author":[{"embeddable":true,"href":"https:\/\/andaluciaformacion.net\/index.php?rest_route=\/wp\/v2\/users\/4"}],"replies":[{"embeddable":true,"href":"https:\/\/andaluciaformacion.net\/index.php?rest_route=%2Fwp%2Fv2%2Fcomments&post=299"}],"version-history":[{"count":2,"href":"https:\/\/andaluciaformacion.net\/index.php?rest_route=\/wp\/v2\/pages\/299\/revisions"}],"predecessor-version":[{"id":362,"href":"https:\/\/andaluciaformacion.net\/index.php?rest_route=\/wp\/v2\/pages\/299\/revisions\/362"}],"wp:featuredmedia":[{"embeddable":true,"href":"https:\/\/andaluciaformacion.net\/index.php?rest_route=\/wp\/v2\/media\/86"}],"wp:attachment":[{"href":"https:\/\/andaluciaformacion.net\/index.php?rest_route=%2Fwp%2Fv2%2Fmedia&parent=299"}],"curies":[{"name":"wp","href":"https:\/\/api.w.org\/{rel}","templated":true}]}}

Oferta de empleo: 25 vacantes de comercial en Andalucía

<p>¿Quieres trabajar como comercial en Andalucía? En Andalucía Formación, en colaboración con Consultores Técnicos Medioambientales (COTEME), contamos con 25 ofertas de empleo para comerciales en Jerez de la Frontera (Cádiz), Granada, Jaén y Málaga.</p>



<p>A través del Programa de Proyectos Integrales para la Inserción Laboral de personas jóvenes, puedes acceder a estas vacantes y formarte gratuitamente con el curso de Comercio y Ventas (60 horas), diseñado para mejorar tus competencias profesionales y facilitar tu incorporación al mercado laboral.</p>





<h2 class="wp-block-heading">Requisitos para participar</h2>



<p>Para acceder al programa y optar a las ofertas de empleo, debes cumplir los siguientes requisitos:<br>• Tener entre 18 y 29 años.<br>• Estar inscrito/a en Garantía Juvenil.<br>• Realizar 10 horas de orientación individual y grupal antes de comenzar la formación.</p>



<p>Inscríbete ahora en el curso gratuito de Comercio y Ventas en Jerez de la Frontera (Cádiz), Granada, Jaén o Málaga y da el primer paso hacia tu futuro laboral.</p>





<h2 class="wp-block-heading">Formación y orientación laboral</h2>



<p>El programa se divide en dos fases:<br>1. Formación específica en Comercio y Ventas, para adquirir conocimientos clave sobre atención al cliente, técnicas de venta y negociación.<br>2. Orientación laboral personalizada, para reforzar tu perfil profesional y mejorar tu empleabilidad.</p>



<p>Además, desde Andalucía Formación y COTEME, mantenemos acuerdos con empresas colaboradoras que facilitan la inserción laboral real de los jóvenes participantes en el programa.</p>



<p></p>



<h2 class="wp-block-heading">Requisitos y condiciones del empleo</h2>



<p>Los candidatos que completen la formación podrán acceder a una de las 25 vacantes disponibles como comercial.<br>• Se valorará la experiencia previa en ventas o atención al cliente.<br>• Los contratos serán a jornada completa, adaptados a las necesidades de cada empresa.</p>





<h2 class="wp-block-heading">Contacto e información</h2>



<p>¿Quieres más información sobre esta oferta de empleo para comerciales en Andalucía?<br>Contáctanos por teléfono o WhatsApp en el 691 619 409 o escríbenos a info@andaluciaformacion.es.</p>



<p>Sigue nuestras redes sociales y descubre más ofertas de empleo y formación gratuita para jóvenes en Andalucía.</p>



<p></p>

<p>¿Quieres trabajar como comercial en Andalucía? En Andalucía Formación, en colaboración con Consultores Técnicos Medioambientales (COTEME), contamos con 25 ofertas de empleo para comerciales en Jerez de la Frontera (Cádiz), Granada, Jaén y Málaga. A través del Programa de Proyectos Integrales para la Inserción Laboral de personas jóvenes, puedes acceder a estas vacantes y formarte [&hellip;]</p>

<!-- This site is optimized with the Yoast SEO plugin v27.2 - https://yoast.com/product/yoast-seo-wordpress/ -->
<title>Oferta de empleo: 25 vacantes de comercial en Andalucía - Andalucía Formación</title>
<meta name="robots" content="index, follow, max-snippet:-1, max-image-preview:large, max-video-preview:-1" />
<link rel="canonical" href="https://andaluciaformacion.net/?page_id=299" />
<meta property="og:locale" content="es_ES" />
<meta property="og:type" content="article" />
<meta property="og:title" content="Oferta de empleo: 25 vacantes de comercial en Andalucía - Andalucía Formación" />
<meta property="og:description" content="¿Quieres trabajar como comercial en Andalucía? En Andalucía Formación, en colaboración con Consultores Técnicos Medioambientales (COTEME), contamos con 25 ofertas de empleo para comerciales en Jerez de la Frontera (Cádiz), Granada, Jaén y Málaga. A través del Programa de Proyectos Integrales para la Inserción Laboral de personas jóvenes, puedes acceder a estas vacantes y formarte [&hellip;]" />
<meta property="og:url" content="https://andaluciaformacion.net/?page_id=299" />
<meta property="og:site_name" content="Andalucía Formación" />
<meta property="article:publisher" content="https://www.facebook.com/people/Andaluca-Formacin/61556074687452/" />
<meta property="article:modified_time" content="2025-10-29T13:32:44+00:00" />
<meta name="twitter:card" content="summary_large_image" />
<meta name="twitter:label1" content="Tiempo de lectura" />
	<meta name="twitter:data1" content="2 minutos" />
<script type="application/ld+json" class="yoast-schema-graph">{"@context":"https://schema.org","@graph":[{"@type":"WebPage","@id":"https://andaluciaformacion.net/?page_id=299","url":"https://andaluciaformacion.net/?page_id=299","name":"Oferta de empleo: 25 vacantes de comercial en Andalucía - Andalucía Formación","isPartOf":{"@id":"https://andaluciaformacion.net/#website"},"primaryImageOfPage":{"@id":"https://andaluciaformacion.net/?page_id=299#primaryimage"},"image":{"@id":"https://andaluciaformacion.net/?page_id=299#primaryimage"},"thumbnailUrl":"https://andaluciaformacion.net/wp-content/uploads/2025/09/extm.jpg","datePublished":"2025-10-20T17:25:57+00:00","dateModified":"2025-10-29T13:32:44+00:00","breadcrumb":{"@id":"https://andaluciaformacion.net/?page_id=299#breadcrumb"},"inLanguage":"es","potentialAction":[{"@type":"ReadAction","target":["https://andaluciaformacion.net/?page_id=299"]}]},{"@type":"ImageObject","inLanguage":"es","@id":"https://andaluciaformacion.net/?page_id=299#primaryimage","url":"https://andaluciaformacion.net/wp-content/uploads/2025/09/extm.jpg","contentUrl":"https://andaluciaformacion.net/wp-content/uploads/2025/09/extm.jpg","width":2500,"height":1667},{"@type":"BreadcrumbList","@id":"https://andaluciaformacion.net/?page_id=299#breadcrumb","itemListElement":[{"@type":"ListItem","position":1,"name":"Portada","item":"https://andaluciaformacion.net/"},{"@type":"ListItem","position":2,"name":"Oferta de empleo: 25 vacantes de comercial en Andalucía"}]},{"@type":"WebSite","@id":"https://andaluciaformacion.net/#website","url":"https://andaluciaformacion.net/","name":"Andalucía Formación","description":"","publisher":{"@id":"https://andaluciaformacion.net/#organization"},"potentialAction":[{"@type":"SearchAction","target":{"@type":"EntryPoint","urlTemplate":"https://andaluciaformacion.net/?s={search_term_string}"},"query-input":{"@type":"PropertyValueSpecification","valueRequired":true,"valueName":"search_term_string"}}],"inLanguage":"es"},{"@type":"Organization","@id":"https://andaluciaformacion.net/#organization","name":"Andalucía Formación","url":"https://andaluciaformacion.net/","logo":{"@type":"ImageObject","inLanguage":"es","@id":"https://andaluciaformacion.net/#/schema/logo/image/","url":"https://andaluciaformacion.net/wp-content/uploads/2025/09/29.png","contentUrl":"https://andaluciaformacion.net/wp-content/uploads/2025/09/29.png","width":880,"height":880,"caption":"Andalucía Formación"},"image":{"@id":"https://andaluciaformacion.net/#/schema/logo/image/"},"sameAs":["https://www.facebook.com/people/Andaluca-Formacin/61556074687452/","https://www.instagram.com/andaluciaformacion"]}]}</script>
<!-- / Yoast SEO plugin. -->

Oferta de empleo: 25 vacantes de comercial en Andalucía - Andalucía Formación

¿Quieres trabajar como comercial en Andalucía? En Andalucía Formación, en colaboración con Consultores Técnicos Medioambientales (COTEME), contamos con 25 ofertas de empleo para comerciales en Jerez de la Frontera (Cádiz), Granada, Jaén y Málaga. A través del Programa de Proyectos Integrales para la Inserción Laboral de personas jóvenes, puedes acceder a estas vacantes y formarte [&hellip;]

Andalucía Formación
