{"id":289,"date":"2025-10-19T12:33:34","date_gmt":"2025-10-19T10:33:34","guid":{"rendered":"https:\/\/andaluciaformacion.net\/?page_id=289"},"modified":"2025-10-20T11:43:05","modified_gmt":"2025-10-20T09:43:05","slug":"oferta-de-empleo-camareros-malaga","status":"publish","type":"page","link":"https:\/\/andaluciaformacion.net\/?page_id=289","title":{"rendered":"Oferta de empleo: 12 vacantes de camarero\/a en M\u00e1laga"},"content":{"rendered":"\n<h2 class=\"wp-block-heading\">\u00a1Buscamos camareros\/as en la provincia de M\u00e1laga!<\/h2>\n\n\n\n<p>\u00bfTienes entre 18 y 29 a\u00f1os y te gustar\u00eda trabajar en el sector de la hosteler\u00eda?<br>En Andaluc\u00eda Formaci\u00f3n te ayudamos a acceder a una de las 12 ofertas de empleo disponibles para camareros\/as en la provincia de M\u00e1laga.<\/p>\n\n\n\n<p>Para optar a estos puestos, solo necesitas realizar el Programa de Proyectos Integrales para la Inserci\u00f3n Laboral de personas j\u00f3venes, que incluye la formaci\u00f3n gratuita en \u201cOperaciones b\u00e1sicas de camarero\/a\u201d (60 horas).<\/p>\n\n\n\n<p><strong>Requisitos:<br><\/strong>\u2022 Tener entre 18 y 29 a\u00f1os.<br>\u2022 Estar inscrito\/a en Garant\u00eda Juvenil.<br>\u2022 Realizar 10 horas de orientaci\u00f3n individual y grupal antes de comenzar la formaci\u00f3n.<\/p>\n\n\n\n<p><strong><a href=\"https:\/\/andaluciaformacion.net\/?page_id=289\">Inscr\u00edbete aqu\u00ed en el curso de \u2018Operaciones b\u00e1sicas de camarero\u2019 en M\u00e1laga<\/a><\/strong><\/p>\n\n\n\n<p>Este programa combina formaci\u00f3n espec\u00edfica con orientaci\u00f3n laboral personalizada, para que puedas mejorar tu perfil profesional y aumentar tus oportunidades de empleo real en empresas del sector.<\/p>\n\n\n\n<p>En Andaluc\u00eda Formaci\u00f3n trabajamos para impulsar la empleabilidad juvenil en toda Andaluc\u00eda, colaborando con empresas que buscan incorporar nuevos talentos al mundo laboral.<\/p>\n\n\n\n<p>Si quieres m\u00e1s informaci\u00f3n, cont\u00e1ctanos por tel\u00e9fono o WhatsApp en el <strong>691 619 409<\/strong>, o escr\u00edbenos a <strong>info@andaluciaformacion.net<\/strong>.<\/p>\n\n\n\n<p><strong>\u00a1<a href=\"http:\/\/&lt;p class=&quot;wpcf7-contact-form-not-found&quot;&gt;&lt;strong&gt;Error:&lt;\/strong&gt; Formulario de contacto no encontrado.&lt;\/p&gt;\">Ap\u00fantate ahora<\/a> y empieza tu camino hacia un empleo estable en hosteler\u00eda!<\/strong><\/p>\n\n\n\n<p>Y si te interesa descubrir m\u00e1s ofertas de empleo en otros sectores, <strong><a href=\"http:\/\/ofertas-de-empleo\">clic aqu\u00ed<\/a><\/strong>.<\/p>\n\n\n\n<p><\/p>\n","protected":false},"excerpt":{"rendered":"<p>\u00a1Buscamos camareros\/as en la provincia de M\u00e1laga! \u00bfTienes entre 18 y 29 a\u00f1os y te gustar\u00eda trabajar en el sector de la hosteler\u00eda?En Andaluc\u00eda Formaci\u00f3n te ayudamos a acceder a una de las 12 ofertas de empleo disponibles para camareros\/as en la provincia de M\u00e1laga. Para optar a estos puestos, solo necesitas realizar el Programa [&hellip;]<\/p>\n","protected":false},"author":4,"featured_media":267,"parent":0,"menu_order":0,"comment_status":"closed","ping_status":"closed","template":"","meta":{"saved_in_kubio":false,"footnotes":""},"class_list":["post-289","page","type-page","status-publish","has-post-thumbnail","hentry"],"kubio_ai_page_context":{"short_desc":"","purpose":"general"},"yoast_head":"<!-- This site is optimized with the Yoast SEO plugin v27.2 - https:\/\/yoast.com\/product\/yoast-seo-wordpress\/ -->\n<title>Oferta de empleo: 12 vacantes de camarero\/a en M\u00e1laga - Andaluc\u00eda Formaci\u00f3n<\/title>\n<meta name=\"description\" content=\"Accede a 12 ofertas de empleo para camareros\/as en M\u00e1laga. Formaci\u00f3n gratuita, orientaci\u00f3n laboral y alta inserci\u00f3n con Andaluc\u00eda Formaci\u00f3n.\" \/>\n<meta name=\"robots\" content=\"index, follow, max-snippet:-1, max-image-preview:large, max-video-preview:-1\" \/>\n<link rel=\"canonical\" href=\"https:\/\/andaluciaformacion.net\/?page_id=289\" \/>\n<meta property=\"og:locale\" content=\"es_ES\" \/>\n<meta property=\"og:type\" content=\"article\" \/>\n<meta property=\"og:title\" content=\"Oferta de empleo: 12 vacantes de camarero\/a en M\u00e1laga - Andaluc\u00eda Formaci\u00f3n\" \/>\n<meta property=\"og:description\" content=\"Accede a 12 ofertas de empleo para camareros\/as en M\u00e1laga. Formaci\u00f3n gratuita, orientaci\u00f3n laboral y alta inserci\u00f3n con Andaluc\u00eda Formaci\u00f3n.\" \/>\n<meta property=\"og:url\" content=\"https:\/\/andaluciaformacion.net\/?page_id=289\" \/>\n<meta property=\"og:site_name\" content=\"Andaluc\u00eda Formaci\u00f3n\" \/>\n<meta property=\"article:publisher\" content=\"https:\/\/www.facebook.com\/people\/Andaluca-Formacin\/61556074687452\/\" \/>\n<meta property=\"article:modified_time\" content=\"2025-10-20T09:43:05+00:00\" \/>\n<meta property=\"og:image\" content=\"https:\/\/andaluciaformacion.net\/wp-content\/uploads\/2025\/10\/OFERTA-EMPLEO-CAMAREROS-ANDALUCIA.jpg\" \/>\n\t<meta property=\"og:image:width\" content=\"940\" \/>\n\t<meta property=\"og:image:height\" content=\"788\" \/>\n\t<meta property=\"og:image:type\" content=\"image\/jpeg\" \/>\n<meta name=\"twitter:card\" content=\"summary_large_image\" \/>\n<meta name=\"twitter:label1\" content=\"Tiempo de lectura\" \/>\n\t<meta name=\"twitter:data1\" content=\"2 minutos\" \/>\n<script type=\"application\/ld+json\" class=\"yoast-schema-graph\">{\"@context\":\"https:\/\/schema.org\",\"@graph\":[{\"@type\":\"WebPage\",\"@id\":\"https:\/\/andaluciaformacion.net\/?page_id=289\",\"url\":\"https:\/\/andaluciaformacion.net\/?page_id=289\",\"name\":\"Oferta de empleo: 12 vacantes de camarero\/a en M\u00e1laga - Andaluc\u00eda Formaci\u00f3n\",\"isPartOf\":{\"@id\":\"https:\/\/andaluciaformacion.net\/#website\"},\"primaryImageOfPage\":{\"@id\":\"https:\/\/andaluciaformacion.net\/?page_id=289#primaryimage\"},\"image\":{\"@id\":\"https:\/\/andaluciaformacion.net\/?page_id=289#primaryimage\"},\"thumbnailUrl\":\"https:\/\/andaluciaformacion.net\/wp-content\/uploads\/2025\/10\/OFERTA-EMPLEO-CAMAREROS-ANDALUCIA.jpg\",\"datePublished\":\"2025-10-19T10:33:34+00:00\",\"dateModified\":\"2025-10-20T09:43:05+00:00\",\"description\":\"Accede a 12 ofertas de empleo para camareros\/as en M\u00e1laga. Formaci\u00f3n gratuita, orientaci\u00f3n laboral y alta inserci\u00f3n con Andaluc\u00eda Formaci\u00f3n.\",\"breadcrumb\":{\"@id\":\"https:\/\/andaluciaformacion.net\/?page_id=289#breadcrumb\"},\"inLanguage\":\"es\",\"potentialAction\":[{\"@type\":\"ReadAction\",\"target\":[\"https:\/\/andaluciaformacion.net\/?page_id=289\"]}]},{\"@type\":\"ImageObject\",\"inLanguage\":\"es\",\"@id\":\"https:\/\/andaluciaformacion.net\/?page_id=289#primaryimage\",\"url\":\"https:\/\/andaluciaformacion.net\/wp-content\/uploads\/2025\/10\/OFERTA-EMPLEO-CAMAREROS-ANDALUCIA.jpg\",\"contentUrl\":\"https:\/\/andaluciaformacion.net\/wp-content\/uploads\/2025\/10\/OFERTA-EMPLEO-CAMAREROS-ANDALUCIA.jpg\",\"width\":940,\"height\":788},{\"@type\":\"BreadcrumbList\",\"@id\":\"https:\/\/andaluciaformacion.net\/?page_id=289#breadcrumb\",\"itemListElement\":[{\"@type\":\"ListItem\",\"position\":1,\"name\":\"Portada\",\"item\":\"https:\/\/andaluciaformacion.net\/\"},{\"@type\":\"ListItem\",\"position\":2,\"name\":\"Oferta de empleo: 12 vacantes de camarero\/a en M\u00e1laga\"}]},{\"@type\":\"WebSite\",\"@id\":\"https:\/\/andaluciaformacion.net\/#website\",\"url\":\"https:\/\/andaluciaformacion.net\/\",\"name\":\"Andaluc\u00eda Formaci\u00f3n\",\"description\":\"\",\"publisher\":{\"@id\":\"https:\/\/andaluciaformacion.net\/#organization\"},\"potentialAction\":[{\"@type\":\"SearchAction\",\"target\":{\"@type\":\"EntryPoint\",\"urlTemplate\":\"https:\/\/andaluciaformacion.net\/?s={search_term_string}\"},\"query-input\":{\"@type\":\"PropertyValueSpecification\",\"valueRequired\":true,\"valueName\":\"search_term_string\"}}],\"inLanguage\":\"es\"},{\"@type\":\"Organization\",\"@id\":\"https:\/\/andaluciaformacion.net\/#organization\",\"name\":\"Andaluc\u00eda Formaci\u00f3n\",\"url\":\"https:\/\/andaluciaformacion.net\/\",\"logo\":{\"@type\":\"ImageObject\",\"inLanguage\":\"es\",\"@id\":\"https:\/\/andaluciaformacion.net\/#\/schema\/logo\/image\/\",\"url\":\"https:\/\/andaluciaformacion.net\/wp-content\/uploads\/2025\/09\/29.png\",\"contentUrl\":\"https:\/\/andaluciaformacion.net\/wp-content\/uploads\/2025\/09\/29.png\",\"width\":880,\"height\":880,\"caption\":\"Andaluc\u00eda Formaci\u00f3n\"},\"image\":{\"@id\":\"https:\/\/andaluciaformacion.net\/#\/schema\/logo\/image\/\"},\"sameAs\":[\"https:\/\/www.facebook.com\/people\/Andaluca-Formacin\/61556074687452\/\",\"https:\/\/www.instagram.com\/andaluciaformacion\"]}]}<\/script>\n<!-- \/ Yoast SEO plugin. -->","yoast_head_json":{"title":"Oferta de empleo: 12 vacantes de camarero\/a en M\u00e1laga - Andaluc\u00eda Formaci\u00f3n","description":"Accede a 12 ofertas de empleo para camareros\/as en M\u00e1laga. Formaci\u00f3n gratuita, orientaci\u00f3n laboral y alta inserci\u00f3n con Andaluc\u00eda Formaci\u00f3n.","robots":{"index":"index","follow":"follow","max-snippet":"max-snippet:-1","max-image-preview":"max-image-preview:large","max-video-preview":"max-video-preview:-1"},"canonical":"https:\/\/andaluciaformacion.net\/?page_id=289","og_locale":"es_ES","og_type":"article","og_title":"Oferta de empleo: 12 vacantes de camarero\/a en M\u00e1laga - Andaluc\u00eda Formaci\u00f3n","og_description":"Accede a 12 ofertas de empleo para camareros\/as en M\u00e1laga. Formaci\u00f3n gratuita, orientaci\u00f3n laboral y alta inserci\u00f3n con Andaluc\u00eda Formaci\u00f3n.","og_url":"https:\/\/andaluciaformacion.net\/?page_id=289","og_site_name":"Andaluc\u00eda Formaci\u00f3n","article_publisher":"https:\/\/www.facebook.com\/people\/Andaluca-Formacin\/61556074687452\/","article_modified_time":"2025-10-20T09:43:05+00:00","og_image":[{"width":940,"height":788,"url":"https:\/\/andaluciaformacion.net\/wp-content\/uploads\/2025\/10\/OFERTA-EMPLEO-CAMAREROS-ANDALUCIA.jpg","type":"image\/jpeg"}],"twitter_card":"summary_large_image","twitter_misc":{"Tiempo de lectura":"2 minutos"},"schema":{"@context":"https:\/\/schema.org","@graph":[{"@type":"WebPage","@id":"https:\/\/andaluciaformacion.net\/?page_id=289","url":"https:\/\/andaluciaformacion.net\/?page_id=289","name":"Oferta de empleo: 12 vacantes de camarero\/a en M\u00e1laga - Andaluc\u00eda Formaci\u00f3n","isPartOf":{"@id":"https:\/\/andaluciaformacion.net\/#website"},"primaryImageOfPage":{"@id":"https:\/\/andaluciaformacion.net\/?page_id=289#primaryimage"},"image":{"@id":"https:\/\/andaluciaformacion.net\/?page_id=289#primaryimage"},"thumbnailUrl":"https:\/\/andaluciaformacion.net\/wp-content\/uploads\/2025\/10\/OFERTA-EMPLEO-CAMAREROS-ANDALUCIA.jpg","datePublished":"2025-10-19T10:33:34+00:00","dateModified":"2025-10-20T09:43:05+00:00","description":"Accede a 12 ofertas de empleo para camareros\/as en M\u00e1laga. Formaci\u00f3n gratuita, orientaci\u00f3n laboral y alta inserci\u00f3n con Andaluc\u00eda Formaci\u00f3n.","breadcrumb":{"@id":"https:\/\/andaluciaformacion.net\/?page_id=289#breadcrumb"},"inLanguage":"es","potentialAction":[{"@type":"ReadAction","target":["https:\/\/andaluciaformacion.net\/?page_id=289"]}]},{"@type":"ImageObject","inLanguage":"es","@id":"https:\/\/andaluciaformacion.net\/?page_id=289#primaryimage","url":"https:\/\/andaluciaformacion.net\/wp-content\/uploads\/2025\/10\/OFERTA-EMPLEO-CAMAREROS-ANDALUCIA.jpg","contentUrl":"https:\/\/andaluciaformacion.net\/wp-content\/uploads\/2025\/10\/OFERTA-EMPLEO-CAMAREROS-ANDALUCIA.jpg","width":940,"height":788},{"@type":"BreadcrumbList","@id":"https:\/\/andaluciaformacion.net\/?page_id=289#breadcrumb","itemListElement":[{"@type":"ListItem","position":1,"name":"Portada","item":"https:\/\/andaluciaformacion.net\/"},{"@type":"ListItem","position":2,"name":"Oferta de empleo: 12 vacantes de camarero\/a en M\u00e1laga"}]},{"@type":"WebSite","@id":"https:\/\/andaluciaformacion.net\/#website","url":"https:\/\/andaluciaformacion.net\/","name":"Andaluc\u00eda Formaci\u00f3n","description":"","publisher":{"@id":"https:\/\/andaluciaformacion.net\/#organization"},"potentialAction":[{"@type":"SearchAction","target":{"@type":"EntryPoint","urlTemplate":"https:\/\/andaluciaformacion.net\/?s={search_term_string}"},"query-input":{"@type":"PropertyValueSpecification","valueRequired":true,"valueName":"search_term_string"}}],"inLanguage":"es"},{"@type":"Organization","@id":"https:\/\/andaluciaformacion.net\/#organization","name":"Andaluc\u00eda Formaci\u00f3n","url":"https:\/\/andaluciaformacion.net\/","logo":{"@type":"ImageObject","inLanguage":"es","@id":"https:\/\/andaluciaformacion.net\/#\/schema\/logo\/image\/","url":"https:\/\/andaluciaformacion.net\/wp-content\/uploads\/2025\/09\/29.png","contentUrl":"https:\/\/andaluciaformacion.net\/wp-content\/uploads\/2025\/09\/29.png","width":880,"height":880,"caption":"Andaluc\u00eda Formaci\u00f3n"},"image":{"@id":"https:\/\/andaluciaformacion.net\/#\/schema\/logo\/image\/"},"sameAs":["https:\/\/www.facebook.com\/people\/Andaluca-Formacin\/61556074687452\/","https:\/\/www.instagram.com\/andaluciaformacion"]}]}},"_links":{"self":[{"href":"https:\/\/andaluciaformacion.net\/index.php?rest_route=\/wp\/v2\/pages\/289","targetHints":{"allow":["GET"]}}],"collection":[{"href":"https:\/\/andaluciaformacion.net\/index.php?rest_route=\/wp\/v2\/pages"}],"about":[{"href":"https:\/\/andaluciaformacion.net\/index.php?rest_route=\/wp\/v2\/types\/page"}],"author":[{"embeddable":true,"href":"https:\/\/andaluciaformacion.net\/index.php?rest_route=\/wp\/v2\/users\/4"}],"replies":[{"embeddable":true,"href":"https:\/\/andaluciaformacion.net\/index.php?rest_route=%2Fwp%2Fv2%2Fcomments&post=289"}],"version-history":[{"count":4,"href":"https:\/\/andaluciaformacion.net\/index.php?rest_route=\/wp\/v2\/pages\/289\/revisions"}],"predecessor-version":[{"id":298,"href":"https:\/\/andaluciaformacion.net\/index.php?rest_route=\/wp\/v2\/pages\/289\/revisions\/298"}],"wp:featuredmedia":[{"embeddable":true,"href":"https:\/\/andaluciaformacion.net\/index.php?rest_route=\/wp\/v2\/media\/267"}],"wp:attachment":[{"href":"https:\/\/andaluciaformacion.net\/index.php?rest_route=%2Fwp%2Fv2%2Fmedia&parent=289"}],"curies":[{"name":"wp","href":"https:\/\/api.w.org\/{rel}","templated":true}]}}